i + 44 = 2*x, -92 = -3*x + 5*i. Let z = -6 + x. Let h(l) = 2*l**2 - 3*l + 3. What is the remainder when z is divided by h(2)?
3
Suppose 0 = -5*s + 16 - 6. Suppose s*u - 46 = -32. Calculate the remainder when 97 is divided by u.
6
Let m(f) = f**3 - 8*f**2 - 11*f - 5. Let t be m(10). Suppose z = 3*r - 59, 5*r - z = 4*z + t. What is the remainder when 123 is divided by r?
18
Let q be 4/5*105/(-14). Suppose 0 = -c + 2*f - 94 - 71, 4*f - 159 = c. What is the remainder when 37 is divided by (4/q)/(6/c)?
18
Let f(v) = -6*v - 331. What is the remainder when f(-59) is divided by 17?
6
Suppose 0*t = 5*t - 10. Suppose -71 = -c + 4*u, -t*u - 46 = 4*c - 240. Calculate the remainder when c is divided by 18.
15
Let q = 1136 + -1081. What is the remainder when 875 is divided by q?
50
Suppose 0 = 5*o - 2*o - 9. Suppose -696 = -5*w - o*w. What is the remainder when w is divided by 22?
21
Suppose 0 = -3*s + 3*j - 4 + 31, -4*j = -2*s + 26. Suppose 0 = 5*u - 2*n - 50, 2*u - s*n - 19 - 1 = 0. Calculate the remainder when 109 is divided by u.
9
Let r(j) = 41*j - 228. Let z(d) = d + 7. Let k be z(-7). Suppose k = 2*w - 5*w + 102. What is the remainder when w is divided by r(6)?
16
Suppose q = 6*q - 5*p + 65, -5*q - 60 = -4*p. What is the remainder when 51 is divided by 12/7*(-84)/q?
15
Let r(t) = -2*t**2 + 4*t**2 + 4*t**2 - 1. What is the remainder when 18 is divided by r(-1)?
3
Let w(z) = 5*z + 126. Calculate the remainder when w(-5) is divided by 19.
6
Suppose 133 - 43 = 10*c. Suppose -3*d - c*d + 528 = 0. Calculate the remainder when d is divided by 12.
8
Let j(k) = -k**3 - 14*k**2 - 6*k - 56. Suppose -l + 27 = -24. What is the remainder when l is divided by j(-14)?
23
Let i be (-3)/6*(-7 + 2 + -1). Suppose -6*s + 3*s + i = 0, 0 = -5*z - s + 66. What is the remainder when z is divided by 6?
1
Let c(i) = -2*i + 212. What is the remainder when 680 is divided by c(19)?
158
Suppose 470 = -13*y + 15*y - 2*t, 3*y = -4*t + 677. Calculate the remainder when y is divided by 79.
73
Suppose -115*r - d = -114*r - 5, -5*r + d + 19 = 0. Suppose -8*c - 4*v + 8 = -3*c, -2*c + 14 = -2*v. What is the remainder when c is divided by r?
0
Let o = -7 - 11. What is the remainder when (-708)/o*(-12)/(-8) is divided by 12?
11
Suppose 2*h - 1386 = -7*h. Calculate the remainder when h is divided by 12.
10
Let s be (12/(-7))/(618/(-154) + 4). What is the remainder when (-1)/(-2)*1*s is divided by 18?
12
Let u = 44 + -28. Let n = 86 - 55. Calculate the remainder when n is divided by u.
15
Let r be 3 + 248 + (-2 - -5). Suppose 2*w - r = 4*y, -4*w + 376 = -w - 5*y. What is the remainder when w is divided by 30?
27
Let d = -159 - -176. Calculate the remainder when 66 is divided by d.
15
Suppose -93 = -4*d + d. Let v(c) be the third derivative of c**6/120 + c**5/60 + 91*c**3/6 - 5*c**2. What is the remainder when v(0) is divided by d?
29
Suppose 317 = c + 101. Let r be (c/30)/(2/15). Suppose r = k + k. What is the remainder when k is divided by 14?
13
Let d = -228 + 257. Suppose -2*h + 0*h = -22. What is the remainder when d is divided by h?
7
Let r = 28459 - 28451. Calculate the remainder when 322/6 + (-4)/6 is divided by r.
5
Suppose -52 - 35 = 3*y. Calculate the remainder when 12/(-4) + (27 - 1) is divided by (-4)/(-20) + y/(-5).
5
Suppose -7*j = -2*j + 3*l - 37, 3*j - 11 = l. Suppose 2*w = -4, j*w - 209 = -3*i - 81. What is the remainder when i is divided by 14?
4
Suppose b - 4 + 6 = 0, -4*b - 56 = -3*o. What is the remainder when 189 is divided by o?
13
What is the remainder when 378 is divided by (108/6)/9*38?
74
Suppose -4*z - 35 = z. Let u = 22 + z. Suppose -2*j - 9 = -u. What is the remainder when j is divided by 1?
0
Let k(s) = s**2. Let v be k(-1). Calculate the remainder when 87 is divided by v - (-2 - -87)/(-5).
15
Suppose 5*w = -3*r + 76, -2*w - 2*w = 3*r - 59. Suppose 0 = -4*k - 16, -k = -3*y + 2*k + 210. What is the remainder when y/5*30/12 is divided by w?
16
Let d(k) = 5*k - 4. What is the remainder when (-699)/(-12) + -1 + 27/36 is divided by d(4)?
10
Let g(p) = -2*p + 3. What is the remainder when 4 + -1 + 2 - -12 is divided by g(-3)?
8
Suppose u - 7 - 2 = 0. Let i(h) = -h**2 + 20*h - 17. Calculate the remainder when i(u) is divided by 28.
26
Suppose -s - 4 = 2*k - 26, 5*k = s - 43. Calculate the remainder when 109 is divided by s.
25
Let f(v) = -2 - 7*v + v + 8*v + v**2 - 5. What is the remainder when 84 is divided by f(4)?
16
Suppose -4*m = -5*t + 165, 90 = 4*m + 5*t + 245. Let w = 42 + m. Calculate the remainder when 5 is divided by w.
1
Let n(i) = -i**3 + i**2 + 3*i + 3. Let j = 1 - 1. Suppose x + 4 - 2 = j. What is the remainder when n(x) is divided by 4?
1
Let m(u) = -u**2 - 3*u + 1. Let c be m(-3). Suppose c = -5*d + 26. Suppose 5*o + 43 - 9 = 3*w, 0 = 3*o - 3. What is the remainder when w is divided by d?
3
Let n(h) = h**2 - 15*h + 64. Calculate the remainder when 79 is divided by n(8).
7
Let z(b) = 9*b**2 + b + 2. Let d be z(-1). Let x = d - -4. What is the remainder when (-2*41/6)/(2/(-6)) is divided by x?
13
Suppose -13 = 4*g + 5*n + 1, -g - 2*n - 5 = 0. Let r = g + 5. Suppose -r*x + 6 = -3*x. Calculate the remainder when 11 is divided by x.
5
Calculate the remainder when 98 is divided by -1*2/4*-44.
10
Let h = 376 + -370. Let r = 1 + 2. Suppose -r*l + 0*i + 40 = -i, 0 = -4*l - i + 65. Calculate the remainder when l is divided by h.
3
Let g(r) = r + 7. Suppose 4*f = -0*f - z + 2, z = -f + 2. Calculate the remainder when ((-19)/(-4))/(3/12) is divided by g(f).
5
Let i(x) = x + 37. Let a be (4/(-10))/(2/70). Calculate the remainder when i(a) is divided by 8.
7
Let n(r) = r - 3. Let m be n(8). Suppose -69 = -4*p - v, -m*p + 5*v + 12 = -4*p. Calculate the remainder when 116 is divided by p.
14
What is the remainder when (-6 - 112)*3/4*-2 is divided by 10?
7
Let s(t) = t**3 - 10*t**2 + 21*t + 8. Let q = 66 - 59. Suppose 1 = -2*w + 11. What is the remainder when s(q) is divided by w?
3
Suppose 0 = -s + 5. Suppose s*w + 21 = 5*m - 19, 5*m + 2*w = 61. Suppose 0 = -2*i + 10, -4*i = 4*q - i - 179. Calculate the remainder when q is divided by m.
8
Suppose 20*f - 5*h - 3194 = 18*f, -h = 2*f - 3182. Calculate the remainder when f is divided by 57.
53
Let v be 20 + -1 + 2 + -3. Let w be (-133)/(-42) + (-3)/v. Suppose -w*g + 8*g - 25 = 0. What is the remainder when 19 is divided by g?
4
Suppose -5*w + 5*h = -180, -44 = -4*w - 3*h + 79. Suppose -2*k + 7*k = -3*m + 38, 0 = -3*k + 3*m + 42. Calculate the remainder when w is divided by k.
3
Suppose -3*u + 135 = 6*u. Suppose -4*b + 62 = -102. What is the remainder when b is divided by u?
11
Let h(c) = 30*c**2 + 5*c + 13. Calculate the remainder when h(-2) is divided by 18.
15
Let i(k) be the first derivative of k**3/3 - 2*k**2 + 29*k + 18. What is the remainder when 96 is divided by i(7)?
46
Suppose 4*k = 3*b + 158, k + 215 = 6*k + 5*b. Suppose 4*j = -8*v + 5*v + 54, -4*j = 4*v - 52. Calculate the remainder when k is divided by j.
11
Suppose 3*v - 127 = 23. Suppose -d + 2*d - v = -3*h, 0 = -4*h + d + 62. What is the remainder when 59 is divided by h?
11
Let s(t) = -13*t + 172. What is the remainder when s(0) is divided by 50?
22
Let t be (-2 + 16/5)*-5. Let x = t + 13. Suppose -k = -2*k - 2*m + x, -5*k - 5*m + 35 = 0. What is the remainder when 11 is divided by k?
4
Let u(t) = 134*t - 1049. Suppose 18 = -s + 4*s. Let v = 12 - s. Calculate the remainder when u(8) is divided by v.
5
Let v = 26 - -45. Let a = -9 + 28. Calculate the remainder when v is divided by a.
14
Let c(v) = v - 6. Let j be c(6). Suppose 0 = -5*q + 3*o - 1, -3*q - 9 = o - j*o. Calculate the remainder when (-2817)/(-81) + q/(-9) is divided by 19.
16
Let a = 5 + -1. Suppose 11 = -a*j - 17. What is the remainder when 14 is divided by ((-2)/(-2))/(j/(-63))?
5
Let j = 113 + -107. Calculate the remainder when 11 is divided by j.
5
Suppose 0 = 6*x - 4*x - 8. Suppose 4*t = -5*s + 371, 0*t = x*s - t - 301. What is the remainder when s is divided by 22?
9
Let m(o) = -o**3 - 6*o**2 + 13*o + 12. Let z be m(-6). Let d = 75 + z. Calculate the remainder when d is divided by (0 + 6/(-4))*-2.
0
Let c = 13 - 3. What is the remainder when c is divided by 4?
2
Let d be 0 + (10/(-5) - -1). Suppose m - 8 + 2 = 0. What is the remainder when 23 - 21 - (-10 - d) is divided by m?
5
Let w 